00 and 2948?
4
Calculate the greatest common factor of 307 and 285203.
307
Calculate the highest common factor of 510655 and 530.
265
What is the highest common factor of 30393 and 2385?
9
Calculate the greatest common factor of 4056 and 885768.
312
What is the highest common factor of 305 and 410?
5
What is the highest common divisor of 1 and 17315?
1
Calculate the highest common factor of 13240 and 355825.
1655
What is the greatest common factor of 444 and 32449?
37
Calculate the highest common factor of 3564 and 18468.
324
Calculate the greatest common divisor of 59650 and 50.
50
Calculate the highest common factor of 5126 and 152848.
466
What is the greatest common divisor of 75 and 663225?
75
Calculate the greatest common divisor of 33957 and 2401.
343
What is the greatest common divisor of 189348 and 48?
12
Calculate the greatest common divisor of 1164 and 2425.
97
What is the greatest common divisor of 37114 and 44198?
154
Calculate the highest common divisor of 13 and 1280123.
13
What is the greatest common factor of 270457 and 1012?
253
Calculate the highest common factor of 145980 and 4140.
180
Calculate the greatest common divisor of 62 and 44113.
31
What is the highest common factor of 1595 and 317405?
1595
Calculate the greatest common divisor of 6 and 1988529.
3
Calculate the highest common factor of 78988 and 126.
14
Calculate the greatest common divisor of 4160 and 2310464.
832
Calculate the greatest common factor of 90135 and 495.
45
What is the highest common divisor of 20510 and 20803?
293
What is the greatest common factor of 162 and 7127514?
162
Calculate the highest common divisor of 33573 and 12274.
361
Calculate the greatest common factor of 9170 and 12314.
262
What is the highest common divisor of 18091 and 790?
79
What is the greatest common factor of 2793 and 86127?
57
What is the highest common factor of 121 and 223223?
11
What is the highest common divisor of 172 and 1466988?
172
Calculate the highest common divisor of 982487 and 11.
11
What is the greatest common factor of 353991 and 2992?
187
What is the greatest common divisor of 56159 and 4417?
631
Calculate the highest common factor of 81 and 31419.
9
What is the greatest common divisor of 102847 and 57?
19
Calculate the greatest common factor of 1160 and 17480.
40
What is the greatest common divisor of 637 and 639184?
91
Calculate the highest common factor of 6 and 252250.
2
What is the highest common factor of 81561 and 112256?
877
Calculate the greatest common divisor of 110212 and 295.
59
What is the highest common factor of 6 and 227499?
3
Calculate the greatest common divisor of 56 and 15820.
28
Calculate the highest common divisor of 7668 and 12447.
27
Calculate the highest common divisor of 352 and 38576.
16
What is the greatest common factor of 11056 and 32?
16
What is the highest common factor of 1056 and 124256?
352
What is the greatest common divisor of 3445946 and 658?
658
Calculate the highest common factor of 141119 and 110.
11
Calculate the highest common factor of 9344 and 76.
4
Calculate the greatest common divisor of 16769 and 41.
41
What is the greatest common divisor of 64240 and 5913?
73
Calculate the highest common divisor of 12368 and 267458.
1546
Calculate the highest common divisor of 111331 and 87.
29
Calculate the highest common divisor of 425 and 4035375.
425
What is the greatest common divisor of 14592 and 264?
24
Calculate the greatest common factor of 4687 and 65182.
109
Calculate the highest common divisor of 5285230 and 190.
190
Calculate the highest common divisor of 8600 and 500.
100
Calculate the highest common divisor of 330 and 2190.
30
What is the highest common divisor of 27730 and 130?
10
Calculate the highest common factor of 28 and 604814.
14
What is the greatest common factor of 957 and 3333?
33
Calculate the greatest common divisor of 469 and 2926.
7
Calculate the highest common divisor of 2205 and 3115.
35
Calculate the highest common divisor of 1170 and 2496.
78
Calculate the highest common divisor of 215262 and 90.
18
Calculate the highest common divisor of 972 and 3300.
12
Calculate the highest common factor of 6118 and 15134.
322
Calculate the greatest common factor of 163713 and 825.
33
Calculate the greatest common divisor of 51136 and 329.
47
What is the greatest common factor of 10 and 550182?
2
Calculate the highest common divisor of 292131 and 18.
9
What is the highest common divisor of 11295 and 3263?
251
What is the greatest common divisor of 62 and 794?
2
What is the highest common divisor of 28987 and 32431?
287
What is the highest common divisor of 55 and 24112?
11
Calculate the greatest common divisor of 121990 and 16500.
110
What is the greatest common divisor of 32 and 186532?
4
What is the greatest common divisor of 70 and 4310?
10
What is the highest common divisor of 338770 and 190?
190
Calculate the greatest common divisor of 13912 and 6392.
376
Calculate the highest common factor of 176 and 190267.
11
Calculate the greatest common divisor of 79875 and 31311.
639
Calculate the highest common factor of 8 and 496484.
4
What is the highest common divisor of 117255 and 105?
15
Calculate the greatest common divisor of 215816 and 1272.
424
What is the greatest common factor of 12 and 5168?
4
Calculate the highest common divisor of 310713 and 1799.
257
Calculate the highest common divisor of 123 and 284007.
123
What is the highest common divisor of 5450 and 1250?
50
Calculate the highest common factor of 1760 and 69080.
440
What is the greatest common factor of 40885 and 481?
481
Calculate the greatest common divisor of 4592 and 60284.
28
Calculate the highest common divisor of 19520 and 8390.
10
What is the highest common divisor of 23050 and 400?
50
What is the greatest common factor of 230 and 730?
10
What is the greatest common factor of 236838 and 42?
42
Calculate the highest common factor of 704201 and 47.
47
Calculate the greatest common divisor of 81246 and 66.
66
What is the greatest common factor of 140 and 34260?
20
Calculate the highest common factor of 34916 and 1972.
116
What is the highest common factor of 2926 and 95?
19
Calculate the greatest common divisor of 99 and 18891.
9
Calculate the greatest common divisor of 79764 and 187.
17
What is the highest common factor of 60 and 189636?
12
Calculate the highest common divisor of 2261 and 1140.
19
Calculate the highest common factor of 284295 and 220.
55
What is the greatest common divisor of 1488 and 251286?
186
What is the greatest common divisor of 71022 and 5054?
266
Calculate the greatest common factor of 121099 and 58751.
1199
Calculate the greatest common divisor of 748 and 215798.
374
Calculate the greatest common divisor of 1406 and 7363.
37
Calculate the highest common divisor of 22092 and 112.
28
Calculate the greatest common divisor of 51141 and 3.
3
What is the highest common factor of 260 and 23140?
260
What is the greatest common factor of 1089546 and 1356?
678
Calculate the greatest common factor of 17248 and 8008.
616
Calculate the greatest common divisor of 7216 and 344564.
1804
Calculate the highest common divisor of 174 and 6102.
6
Calculate the highest common divisor of 873417 and 218.
109
Calculate the highest common factor of 144 and 41544.
72
Calculate the greatest common factor of 21868 and 308.
308
What is the highest common divisor of 189759 and 6?
3
What is the highest common divisor of 53686 and 34?
34
What is the highest common divisor of 195 and 255120?
15
What is the highest common divisor of 3652 and 87814?
166
What is the greatest common divisor of 12728 and 2008?
8
Calculate the highest common factor of 2618 and 20636.
154
Calculate the highest common factor of 153 and 43503.
51
What is the greatest common factor of 435712 and 92?
92
What is the highest common factor of 1600 and 117856?
32
What is the highest common divisor of 3762530 and 740?
370
What is the greatest common divisor of 598 and 26?
26
What is the greatest common divisor of 96 and 7428?
12
Calculate the greatest common factor of 2158199 and 41.
41
Calculate the highest common factor of 56784 and 1008.
336
Calculate the highest common divisor of 21 and 28749.
21
Calculate the highest common divisor of 8302 and 254397.
593
Calculate 